{"id":582,"date":"2026-01-16T10:27:15","date_gmt":"2026-01-16T10:27:15","guid":{"rendered":"https:\/\/www.saborestierra.com\/?post_type=product&#038;p=582"},"modified":"2026-01-17T10:50:09","modified_gmt":"2026-01-17T10:50:09","slug":"coleccion-origenes-molido-copy","status":"publish","type":"product","link":"https:\/\/www.saborestierra.com\/index.php\/producto\/coleccion-origenes-molido-copy\/","title":{"rendered":"COLECCI\u00d3N OR\u00cdGENES EN GRANO"},"content":{"rendered":"<p><b>Colecci\u00f3n Or\u00edgenes (En Grano): Un Viaje Sensorial por los Mejores Caf\u00e9s del Mundo<\/b>\u00a0\ud83c\udf0d\u2615<\/p>\n<p>Emb\u00e1rcate en una aventura de sabor con nuestra exclusiva Colecci\u00f3n Or\u00edgenes, una selecci\u00f3n premium de caf\u00e9s de especialidad cuidadosamente elegidos de las regiones m\u00e1s veneradas. \u2728<\/p>\n<p>Descubre la vibrante acidez y las notas frutales de <b>Colombia<\/b> \ud83c\udde8\ud83c\uddf4, la dulzura equilibrada y el cuerpo sedoso de <b>Costa Rica<\/b> \ud83c\udde8\ud83c\uddf7, y los ex\u00f3ticos aromas florales y c\u00edtricos de <b>Etiop\u00eda<\/b> \ud83c\uddea\ud83c\uddf9. Cada grano ha sido tostado a la perfecci\u00f3n para resaltar sus caracter\u00edsticas \u00fanicas, ofreci\u00e9ndote una experiencia inigualable en cada taza. \ud83c\udf1f<\/p>\n<p>Ideal para conocedores o para quienes desean explorar la diversidad del caf\u00e9 de especialidad. \u00a1Prep\u00e1rate para un viaje inolvidable a trav\u00e9s de los sabores m\u00e1s puros de la tierra! \ud83c\udf81<\/p>\n","protected":false},"excerpt":{"rendered":"<p><b>Colecci\u00f3n Or\u00edgenes (Molido): Un Viaje Sensorial por los Mejores Caf\u00e9s del Mundo<\/b>\u00a0\ud83c\udf0d\u2615<\/p>\n<p>Emb\u00e1rcate en una aventura de sabor con nuestra exclusiva Colecci\u00f3n Or\u00edgenes, una selecci\u00f3n premium de caf\u00e9s de especialidad cuidadosamente elegidos de las regiones m\u00e1s veneradas. \u2728<\/p>\n<p>Descubre la vibrante acidez y las notas frutales de\u00a0<b>Colombia<\/b>\u00a0\ud83c\udde8\ud83c\uddf4, la dulzura equilibrada y el cuerpo sedoso de\u00a0<b>Costa Rica<\/b>\u00a0\ud83c\udde8\ud83c\uddf7, y los ex\u00f3ticos aromas florales y c\u00edtricos de\u00a0<b>Etiop\u00eda<\/b>\u00a0\ud83c\uddea\ud83c\uddf9. Cada grano ha sido tostado a la perfecci\u00f3n para resaltar sus caracter\u00edsticas \u00fanicas, ofreci\u00e9ndote una experiencia inigualable en cada taza. \ud83c\udf1f<\/p>\n<p>Ideal para conocedores o para quienes desean explorar la diversidad del caf\u00e9 de especialidad. \u00a1Prep\u00e1rate para un viaje inolvidable a trav\u00e9s de los sabores m\u00e1s puros de la tierra! \ud83c\udf81<\/p>\n","protected":false},"featured_media":579,"comment_status":"open","ping_status":"closed","template":"","meta":{"_eb_attr":""},"product_brand":[],"product_cat":[21],"product_tag":[],"class_list":{"0":"post-582","1":"product","2":"type-product","3":"status-publish","4":"has-post-thumbnail","6":"product_cat-packs-degustacion","8":"first","9":"instock","10":"shipping-taxable","11":"purchasable","12":"product-type-simple"},"yoast_head":"<!-- This site is optimized with the Yoast SEO plugin v26.8 - https:\/\/yoast.com\/product\/yoast-seo-wordpress\/ -->\n<title>COLECCI\u00d3N OR\u00cdGENES EN GRANO - Sabores de la tierra<\/title>\n<meta name=\"robots\" content=\"index, follow, max-snippet:-1, max-image-preview:large, max-video-preview:-1\" \/>\n<link rel=\"canonical\" href=\"https:\/\/www.saborestierra.com\/index.php\/producto\/coleccion-origenes-molido-copy\/\" \/>\n<meta property=\"og:locale\" content=\"es_ES\" \/>\n<meta property=\"og:type\" content=\"article\" \/>\n<meta property=\"og:title\" content=\"COLECCI\u00d3N OR\u00cdGENES EN GRANO - Sabores de la tierra\" \/>\n<meta property=\"og:description\" content=\"Colecci\u00f3n Or\u00edgenes (Molido): Un Viaje Sensorial por los Mejores Caf\u00e9s del Mundo\u00a0\ud83c\udf0d\u2615  Emb\u00e1rcate en una aventura de sabor con nuestra exclusiva Colecci\u00f3n Or\u00edgenes, una selecci\u00f3n premium de caf\u00e9s de especialidad cuidadosamente elegidos de las regiones m\u00e1s veneradas. \u2728  Descubre la vibrante acidez y las notas frutales de\u00a0Colombia\u00a0\ud83c\udde8\ud83c\uddf4, la dulzura equilibrada y el cuerpo sedoso de\u00a0Costa Rica\u00a0\ud83c\udde8\ud83c\uddf7, y los ex\u00f3ticos aromas florales y c\u00edtricos de\u00a0Etiop\u00eda\u00a0\ud83c\uddea\ud83c\uddf9. Cada grano ha sido tostado a la perfecci\u00f3n para resaltar sus caracter\u00edsticas \u00fanicas, ofreci\u00e9ndote una experiencia inigualable en cada taza. \ud83c\udf1f  Ideal para conocedores o para quienes desean explorar la diversidad del caf\u00e9 de especialidad. \u00a1Prep\u00e1rate para un viaje inolvidable a trav\u00e9s de los sabores m\u00e1s puros de la tierra! \ud83c\udf81\" \/>\n<meta property=\"og:url\" content=\"https:\/\/www.saborestierra.com\/index.php\/producto\/coleccion-origenes-molido-copy\/\" \/>\n<meta property=\"og:site_name\" content=\"Sabores de la tierra\" \/>\n<meta property=\"article:modified_time\" content=\"2026-01-17T10:50:09+00:00\" \/>\n<meta property=\"og:image\" content=\"https:\/\/www.saborestierra.com\/wp-content\/uploads\/2026\/01\/Pack_molido_sin_fondo.png\" \/>\n\t<meta property=\"og:image:width\" content=\"1024\" \/>\n\t<meta property=\"og:image:height\" content=\"1024\" \/>\n\t<meta property=\"og:image:type\" content=\"image\/png\" \/>\n<meta name=\"twitter:card\" content=\"summary_large_image\" \/>\n<meta name=\"twitter:label1\" content=\"Tiempo de lectura\" \/>\n\t<meta name=\"twitter:data1\" content=\"1 minuto\" \/>\n<script type=\"application\/ld+json\" class=\"yoast-schema-graph\">{\"@context\":\"https:\/\/schema.org\",\"@graph\":[{\"@type\":\"WebPage\",\"@id\":\"https:\/\/www.saborestierra.com\/index.php\/producto\/coleccion-origenes-molido-copy\/\",\"url\":\"https:\/\/www.saborestierra.com\/index.php\/producto\/coleccion-origenes-molido-copy\/\",\"name\":\"COLECCI\u00d3N OR\u00cdGENES EN GRANO - Sabores de la tierra\",\"isPartOf\":{\"@id\":\"https:\/\/www.saborestierra.com\/#website\"},\"primaryImageOfPage\":{\"@id\":\"https:\/\/www.saborestierra.com\/index.php\/producto\/coleccion-origenes-molido-copy\/#primaryimage\"},\"image\":{\"@id\":\"https:\/\/www.saborestierra.com\/index.php\/producto\/coleccion-origenes-molido-copy\/#primaryimage\"},\"thumbnailUrl\":\"https:\/\/www.saborestierra.com\/wp-content\/uploads\/2026\/01\/Pack_molido_sin_fondo.png\",\"datePublished\":\"2026-01-16T10:27:15+00:00\",\"dateModified\":\"2026-01-17T10:50:09+00:00\",\"breadcrumb\":{\"@id\":\"https:\/\/www.saborestierra.com\/index.php\/producto\/coleccion-origenes-molido-copy\/#breadcrumb\"},\"inLanguage\":\"es\",\"potentialAction\":[{\"@type\":\"ReadAction\",\"target\":[\"https:\/\/www.saborestierra.com\/index.php\/producto\/coleccion-origenes-molido-copy\/\"]}]},{\"@type\":\"ImageObject\",\"inLanguage\":\"es\",\"@id\":\"https:\/\/www.saborestierra.com\/index.php\/producto\/coleccion-origenes-molido-copy\/#primaryimage\",\"url\":\"https:\/\/www.saborestierra.com\/wp-content\/uploads\/2026\/01\/Pack_molido_sin_fondo.png\",\"contentUrl\":\"https:\/\/www.saborestierra.com\/wp-content\/uploads\/2026\/01\/Pack_molido_sin_fondo.png\",\"width\":1024,\"height\":1024},{\"@type\":\"BreadcrumbList\",\"@id\":\"https:\/\/www.saborestierra.com\/index.php\/producto\/coleccion-origenes-molido-copy\/#breadcrumb\",\"itemListElement\":[{\"@type\":\"ListItem\",\"position\":1,\"name\":\"Portada\",\"item\":\"https:\/\/www.saborestierra.com\/\"},{\"@type\":\"ListItem\",\"position\":2,\"name\":\"Tienda\",\"item\":\"https:\/\/www.saborestierra.com\/index.php\/tienda\/\"},{\"@type\":\"ListItem\",\"position\":3,\"name\":\"COLECCI\u00d3N OR\u00cdGENES EN GRANO\"}]},{\"@type\":\"WebSite\",\"@id\":\"https:\/\/www.saborestierra.com\/#website\",\"url\":\"https:\/\/www.saborestierra.com\/\",\"name\":\"Sabores de la tierra\",\"description\":\"En Sabores Tierra seleccionamos caf\u00e9 premium y t\u00e9s e infusiones naturales para que disfrutes en casa o en la oficina. Encuentra caf\u00e9 en grano, caf\u00e9 molido, c\u00e1psulas compatibles, t\u00e9s cl\u00e1sicos y blends especiales, adem\u00e1s de packs degustaci\u00f3n y regalos para amantes del caf\u00e9. Compra f\u00e1cil, atenci\u00f3n cercana y env\u00edo r\u00e1pido.\",\"potentialAction\":[{\"@type\":\"SearchAction\",\"target\":{\"@type\":\"EntryPoint\",\"urlTemplate\":\"https:\/\/www.saborestierra.com\/?s={search_term_string}\"},\"query-input\":{\"@type\":\"PropertyValueSpecification\",\"valueRequired\":true,\"valueName\":\"search_term_string\"}}],\"inLanguage\":\"es\"}]}<\/script>\n<!-- \/ Yoast SEO plugin. -->","yoast_head_json":{"title":"COLECCI\u00d3N OR\u00cdGENES EN GRANO - Sabores de la tierra","robots":{"index":"index","follow":"follow","max-snippet":"max-snippet:-1","max-image-preview":"max-image-preview:large","max-video-preview":"max-video-preview:-1"},"canonical":"https:\/\/www.saborestierra.com\/index.php\/producto\/coleccion-origenes-molido-copy\/","og_locale":"es_ES","og_type":"article","og_title":"COLECCI\u00d3N OR\u00cdGENES EN GRANO - Sabores de la tierra","og_description":"Colecci\u00f3n Or\u00edgenes (Molido): Un Viaje Sensorial por los Mejores Caf\u00e9s del Mundo\u00a0\ud83c\udf0d\u2615  Emb\u00e1rcate en una aventura de sabor con nuestra exclusiva Colecci\u00f3n Or\u00edgenes, una selecci\u00f3n premium de caf\u00e9s de especialidad cuidadosamente elegidos de las regiones m\u00e1s veneradas. \u2728  Descubre la vibrante acidez y las notas frutales de\u00a0Colombia\u00a0\ud83c\udde8\ud83c\uddf4, la dulzura equilibrada y el cuerpo sedoso de\u00a0Costa Rica\u00a0\ud83c\udde8\ud83c\uddf7, y los ex\u00f3ticos aromas florales y c\u00edtricos de\u00a0Etiop\u00eda\u00a0\ud83c\uddea\ud83c\uddf9. Cada grano ha sido tostado a la perfecci\u00f3n para resaltar sus caracter\u00edsticas \u00fanicas, ofreci\u00e9ndote una experiencia inigualable en cada taza. \ud83c\udf1f  Ideal para conocedores o para quienes desean explorar la diversidad del caf\u00e9 de especialidad. \u00a1Prep\u00e1rate para un viaje inolvidable a trav\u00e9s de los sabores m\u00e1s puros de la tierra! \ud83c\udf81","og_url":"https:\/\/www.saborestierra.com\/index.php\/producto\/coleccion-origenes-molido-copy\/","og_site_name":"Sabores de la tierra","article_modified_time":"2026-01-17T10:50:09+00:00","og_image":[{"width":1024,"height":1024,"url":"https:\/\/www.saborestierra.com\/wp-content\/uploads\/2026\/01\/Pack_molido_sin_fondo.png","type":"image\/png"}],"twitter_card":"summary_large_image","twitter_misc":{"Tiempo de lectura":"1 minuto"},"schema":{"@context":"https:\/\/schema.org","@graph":[{"@type":"WebPage","@id":"https:\/\/www.saborestierra.com\/index.php\/producto\/coleccion-origenes-molido-copy\/","url":"https:\/\/www.saborestierra.com\/index.php\/producto\/coleccion-origenes-molido-copy\/","name":"COLECCI\u00d3N OR\u00cdGENES EN GRANO - Sabores de la tierra","isPartOf":{"@id":"https:\/\/www.saborestierra.com\/#website"},"primaryImageOfPage":{"@id":"https:\/\/www.saborestierra.com\/index.php\/producto\/coleccion-origenes-molido-copy\/#primaryimage"},"image":{"@id":"https:\/\/www.saborestierra.com\/index.php\/producto\/coleccion-origenes-molido-copy\/#primaryimage"},"thumbnailUrl":"https:\/\/www.saborestierra.com\/wp-content\/uploads\/2026\/01\/Pack_molido_sin_fondo.png","datePublished":"2026-01-16T10:27:15+00:00","dateModified":"2026-01-17T10:50:09+00:00","breadcrumb":{"@id":"https:\/\/www.saborestierra.com\/index.php\/producto\/coleccion-origenes-molido-copy\/#breadcrumb"},"inLanguage":"es","potentialAction":[{"@type":"ReadAction","target":["https:\/\/www.saborestierra.com\/index.php\/producto\/coleccion-origenes-molido-copy\/"]}]},{"@type":"ImageObject","inLanguage":"es","@id":"https:\/\/www.saborestierra.com\/index.php\/producto\/coleccion-origenes-molido-copy\/#primaryimage","url":"https:\/\/www.saborestierra.com\/wp-content\/uploads\/2026\/01\/Pack_molido_sin_fondo.png","contentUrl":"https:\/\/www.saborestierra.com\/wp-content\/uploads\/2026\/01\/Pack_molido_sin_fondo.png","width":1024,"height":1024},{"@type":"BreadcrumbList","@id":"https:\/\/www.saborestierra.com\/index.php\/producto\/coleccion-origenes-molido-copy\/#breadcrumb","itemListElement":[{"@type":"ListItem","position":1,"name":"Portada","item":"https:\/\/www.saborestierra.com\/"},{"@type":"ListItem","position":2,"name":"Tienda","item":"https:\/\/www.saborestierra.com\/index.php\/tienda\/"},{"@type":"ListItem","position":3,"name":"COLECCI\u00d3N OR\u00cdGENES EN GRANO"}]},{"@type":"WebSite","@id":"https:\/\/www.saborestierra.com\/#website","url":"https:\/\/www.saborestierra.com\/","name":"Sabores de la tierra","description":"En Sabores Tierra seleccionamos caf\u00e9 premium y t\u00e9s e infusiones naturales para que disfrutes en casa o en la oficina. Encuentra caf\u00e9 en grano, caf\u00e9 molido, c\u00e1psulas compatibles, t\u00e9s cl\u00e1sicos y blends especiales, adem\u00e1s de packs degustaci\u00f3n y regalos para amantes del caf\u00e9. Compra f\u00e1cil, atenci\u00f3n cercana y env\u00edo r\u00e1pido.","potentialAction":[{"@type":"SearchAction","target":{"@type":"EntryPoint","urlTemplate":"https:\/\/www.saborestierra.com\/?s={search_term_string}"},"query-input":{"@type":"PropertyValueSpecification","valueRequired":true,"valueName":"search_term_string"}}],"inLanguage":"es"}]}},"jetpack_sharing_enabled":true,"_links":{"self":[{"href":"https:\/\/www.saborestierra.com\/index.php\/wp-json\/wp\/v2\/product\/582","targetHints":{"allow":["GET"]}}],"collection":[{"href":"https:\/\/www.saborestierra.com\/index.php\/wp-json\/wp\/v2\/product"}],"about":[{"href":"https:\/\/www.saborestierra.com\/index.php\/wp-json\/wp\/v2\/types\/product"}],"replies":[{"embeddable":true,"href":"https:\/\/www.saborestierra.com\/index.php\/wp-json\/wp\/v2\/comments?post=582"}],"wp:featuredmedia":[{"embeddable":true,"href":"https:\/\/www.saborestierra.com\/index.php\/wp-json\/wp\/v2\/media\/579"}],"wp:attachment":[{"href":"https:\/\/www.saborestierra.com\/index.php\/wp-json\/wp\/v2\/media?parent=582"}],"wp:term":[{"taxonomy":"product_brand","embeddable":true,"href":"https:\/\/www.saborestierra.com\/index.php\/wp-json\/wp\/v2\/product_brand?post=582"},{"taxonomy":"product_cat","embeddable":true,"href":"https:\/\/www.saborestierra.com\/index.php\/wp-json\/wp\/v2\/product_cat?post=582"},{"taxonomy":"product_tag","embeddable":true,"href":"https:\/\/www.saborestierra.com\/index.php\/wp-json\/wp\/v2\/product_tag?post=582"}],"curies":[{"name":"wp","href":"https:\/\/api.w.org\/{rel}","templated":true}]}}